. Let g be b(-6). What is the remainder when q(g) is divided by 28?
24
Suppose -14*w + 11*w - c = -601, w + 3*c - 195 = 0. What is the remainder when w is divided by 82?
37
Suppose -407 = 360*t - 371*t. Suppose 0*x - 5*x + 20 = 0. Suppose 4*c + 44 = x*q, 2*q + 0*c - 46 = -4*c. What is the remainder when t is divided by q?
7
Let o be 2*(2 - 1*0/(-2)). Suppose 4*u = u - o*y + 13, 0 = -u - 2*y + 5. Suppose -u*k + 65 = -25. Calculate the remainder when 149 is divided by k.
29
Suppose -146 = -2*k - 114. Suppose -4*q + w + 631 = 0, -5*q + 3*q = 5*w - 321. What is the remainder when q is divided by k?
14
Let a be -8 + -1 + 7 - 2*1. Let v = 2 - a. What is the remainder when 63 is divided by (1 - -2)/9 - (-196)/v?
30
Let f(d) = -2*d**3 + 74*d**2 - 126*d - 332. What is the remainder when 502 is divided by f(35)?
28
Let h = -55037 + 55174. Suppose -5*u - p + 8 = 0, -3*p - 8 = -u - 0*u. Suppose 175 = 7*s - u*s. Calculate the remainder when h is divided by s.
32
Suppose -15*l - 1322 = 1393. Let o = l + 263. What is the remainder when o is divided by 49?
33
Let c be (-8)/14 - (-1326)/91. Suppose 5*w - 2*h + 30 = -4*h, 2*w - 5*h - 17 = 0. Let t = c - w. What is the remainder when 87 is divided by t?
15
Suppose 17 = -2*r + 6*r - 3*v, 0 = r - 5*v. Let o = 5 + r. What is the remainder when (282/(-9))/(-25 - 1460/(-60)) is divided by o?
7
Let a = 46742 + -46707. What is the remainder when 2140 is divided by a?
5
Let p be -4 - (0 + -3 + 122 - -3). Let i be (166/(-4))/(1/12*-2). Let w = p + i. What is the remainder when w is divided by 25?
23
Let o be (38/4)/((-2)/(-4) + 0). Suppose 4*u - 29 = -2*z - 3, z + 4*u = o. What is the remainder when (-4)/(-2 + 96/52) is divided by z?
5
Suppose 0 = -b - 97*w + 94*w + 80, -b + 5*w + 40 = 0. What is the remainder when b is divided by (30/18)/((-2)/(-6))?
0
Suppose -21 + 6 = -x. Suppose x = -8*z + 375. Calculate the remainder when 85 is divided by z.
40
Calculate the remainder when (-275)/(-4) - 135/180 is divided by ((-10)/30)/((-2)/(-3))*-46.
22
Let r(z) be the second derivative of 11*z**5/20 - z**4/4 - z**3/3 + 2*z**2 - 62*z + 1. What is the remainder when 58 is divided by r(1)?
8
What is the remainder when (-50)/15*(-15 - (-2064)/(-5)) is divided by 131?
116
Suppose 2*g + 4*g - 222 = 0. Suppose -71 = -3*l + g. Suppose 4*y - 42 = -2*c, 5*c = -4*y - 0*y + 81. What is the remainder when l is divided by c?
10
Let n = -11 - -16. Suppose -2*p = -n*f + 45, -1 = 5*f + 2*p - 26. What is the remainder when f is divided by 11 + 10/5 - (-3 + 12)?
3
What is the remainder when 2718 is divided by (6/(-4))/(99/(-3828)) + 0?
50
Let z(m) = -2*m**2 - 47*m + 330. What is the remainder when 1130 is divided by z(-29)?
8
Suppose -47*u = 15*u + 145*u - 102465. Calculate the remainder when u is divided by 251.
244
Let y(w) = -65 - 11*w - 11*w + 44*w - 13*w. Suppose -2*j - 90 = -5*j. Calculate the remainder when j is divided by y(9).
14
Suppose -14*u + 119 + 23 - 30 = 0. What is the remainder when 126 is divided by u?
6
Let k(i) be the third derivative of -i**5/12 - 67*i**4/24 - 7*i**3/3 + 19*i**2 - i. Let x = -5 + 12. Calculate the remainder when k(-13) is divided by x.
5
Let z(q) = -6*q + 14. Let r be z(-7). Let n = 60 - r. Suppose u = -n, 4*u = -k + 13 + 3. What is the remainder when k is divided by 17?
15
Let o = 161 + -36. Suppose -17 = -g - d, 5*g + 5*d = 6*d + 79. What is the remainder when o is divided by g?
13
Let h(y) = -11*y - 241. Let l be h(-23). Calculate the remainder when 106 is divided by (3/7)/(l/126)*6.
25
Suppose -3 = a - 9. Suppose -4*h = -h + a. Calculate the remainder when 32 is divided by (1/h)/((-8)/176).
10
Let j = 45 + 48. Let q = 23772 + -23746. What is the remainder when j is divided by q?
15
Let i(t) = -2*t**2 + 18*t - 8. Let o be i(-7). Let n = -65 - o. Calculate the remainder when n is divided by 19.
15
Let f = 5993 - 5869. Calculate the remainder when 483 is divided by f.
111
Let i(s) = 3*s - 16. What is the remainder when 634 is divided by i(32)?
74
Let z = 3640 - 3582. Calculate the remainder when 281 is divided by z.
49
Suppose 2*g + 44 = 2*z, -10*z - 5*g = -5*z - 60. Suppose -p - 2*s + 6*s = 6, 45 = 5*p + 5*s. What is the remainder when z is divided by p?
5
Suppose 4*w = 5*q + 251, -319 = -5*w - q + 2*q. What is the remainder when 3709 is divided by w?
61
Suppose -t + 278 = p, t + 246*p - 243*p - 288 = 0. Calculate the remainder when 282 is divided by t.
9
What is the remainder when (581/4)/((-81)/(-11988)) + 10 is divided by 157?
155
Let g(u) = 3*u**2 - 24*u + 39. Let m be g(6). Let l(b) = b**3 + b**2 - 8*b + 8. Calculate the remainder when 74 is divided by l(m).
14
Let j = -74 + 64. Calculate the remainder when 14 is divided by j*(-7 - -6)*1.
4
Let i = -6178 - -6308. Calculate the remainder when 639 is divided by i.
119
Suppose 106 = v + 2*v - t, -4*v - 4*t + 120 = 0. Calculate the remainder when (-57750)/495*(-6)/7 is divided by v.
32
Suppose 2*z = 23*z - 524 + 167. Calculate the remainder when 307 is divided by z.
1
Let u = 9 + -6. Let b(v) = -3 + 4 + u*v - 5. What is the remainder when b(4) is divided by 6?
2
Suppose 24 = 5*n - 41. What is the remainder when (-295)/(-118)*378/35 is divided by n?
1
Let y(z) = 8*z - 139. Suppose 0 = 3*x + h - 57, 2*x + 15*h - 37 = 14*h. Calculate the remainder when 145 is divided by y(x).
19
Suppose 5*m - 30 = 0, 6*z + 4*m - 33 = 3*z. What is the remainder when 318 is divided by z?
0
Suppose 2*a + 53 = 3*a. Suppose -d = a + 2. Let v = 85 + d. What is the remainder when v is divided by 18?
12
Let a be (-3)/(-6) + 0 + (-186)/(-4). Suppose -2*g + a + 67 = 5*z, -4*g + 3*z = -254. Calculate the remainder when 180 is divided by g.
56
Suppose -5*g + 1919 = 4*p + 1571, -422 = -5*p - 3*g. What is the remainder when p is divided by 31?
20
Let z(c) = c**2 - 8*c + 1. Calculate the remainder when z(-2) is divided by (-20)/30 + (-38)/(-3).
9
Suppose -4*r + 660 = 240. Suppose 0 = g - 5*n - 58, 3*n + 9 = 3*g - r. Let a = 105 - 86. What is the remainder when g is divided by a?
14
Let y be 15/20 + 634/8. Suppose 4*x - y = -6*x. Calculate the remainder when x is divided by 15/(-3)*24/(-15).
0
Let l be -3*832/(-24) - 8. Suppose 438*t - 444*t = -l. What is the remainder when 200 is divided by t?
8
Calculate the remainder when 3/(10*24/5360) is divided by 57.
10
Suppose 4 = 15*n - 13*n. Suppose 3*i + 0*i + 25 = n*u, 2*u - 4*i - 22 = 0. What is the remainder when 219 is divided by u?
15
Let s = -1139 - -1149. Suppose 0 = 16*j - s*j - 384. What is the remainder when j is divided by 21 - -2 - (1 + -1)?
18
Calculate the remainder when (-767)/(-1365) - 39/91 - 110638/(-15) is divided by 20.
16
Let o = -192 + 247. Suppose 0 = 53*s - o*s + 30. Calculate the remainder when 224 is divided by s.
14
Let z = 4882 + -4369. What is the remainder when z is divided by 128?
1
Suppose -111 - 99 = 5*r. Let w = r + 7. Let m = 64 + w. Calculate the remainder when 112 is divided by m.
25
Let c = 111 + -73. Let o(q) = -3*q**3 + q**2 + 5*q + 5. What is the remainder when c is divided by o(-2)?
15
Let a be (-1)/(-3) - (-42)/9. Let w(x) be the second derivative of 13*x**3/6 - 18*x**2 + 5*x. What is the remainder when w(a) is divided by 10?
9
Let m = 14829 + -14770. Calculate the remainder when 373 is divided by m.
19
Let s = 1104 + -1086. What is the remainder when (-3976)/(-168) - -1*(-1)/(-3) is divided by s?
6
Suppose -4*r + 3*c = -r - 4686, -2*r + 5*c + 3115 = 0. Calculate the remainder when r is divided by 16.
13
Let v = 424 - 258. Let l = 186 - v. Calculate the remainder when 58 is divided by l.
18
What is the remainder when 1037 is divided by 4718/18 - (25 - 4256/171)?
251
Let h(k) = 7*k**2 + 24*k + 35. Let a be h(-18). Suppose -188 + a = 11*n. What is the remainder when n is divided by 7?
6
Let l = -621 - -719. Calculate the remainder when 777 is divided by l.
91
Let i be 329 + 1 - (0 - 3*-1). Suppose 531 + i = 33*l. What is the remainder when 37 is divided by l?
11
Let t(k) = 27*k + 35. Calculate the remainder when 4253 is divided by t(-1).
5
Suppose 4*x = 5*d + 5, -3 = -3*d + 5*x + 7. Let c = -72 - 77. What is the remainder when 5/d - 1*c is divided by 30?
28
Suppose 32*f - 4*n = 35*f - 24892, 3*f - 4*n - 24860 = 0. Calculate the remainder when f is divided by 122.
118
Let w = -5673 + 5704. Calculate the r